 of l?
2, 3, 67
Let v(k) = 10*k**2 - 42*k. Let i be v(4). What are the prime factors of (2022/24)/((-2)/i)?
337
Suppose 1708 = -115*a - 17. Suppose j = -2*j - 3*v + 162, 50 = j + 5*v. Let f = a + j. What are the prime factors of f?
2, 5
Let x be 4/5 + 632/10*1. Suppose x*w = 67*w - 18. List the prime factors of w.
2, 3
Let p(t) = -t**2 + 17*t - 9. Let k be p(15). Suppose -k*i + 6137 = 2273. What are the prime factors of i?
2, 23
Let g = -9 + 6. Let v be 8 + -4 - (g + 2). Suppose -v = -6*k + k, 0 = 4*w - 4*k - 140. What are the prime factors of w?
2, 3
Let n = 75 + -46. Let h = -49 + n. List the prime factors of 2/((-8)/h)*(-5)/(-1).
5
Suppose y = -3*f - 0*f + 2145, -2*f - 6402 = -3*y. Let b = y + -221. List the prime factors of b.
5, 383
Let a = 73255 - 217603. List the prime factors of (-2)/(-14)*-2 + a/(-322).
2, 7
Suppose 0 = -r + 3*l + 8, 5*r + 2*l = 4*l + 40. Suppose 11*z - 12122 = -r*z. List the prime factors of z.
2, 11, 29
Let j be -2*(-24)/(-9)*(-75)/(-20). Let f(i) = -2*i**3 - 40*i**2 - 25*i - 31. List the prime factors of f(j).
7, 67
Let v = -171 + 97. Let j = v + 73. List the prime factors of ((-10)/(-25))/(j/(-215)).
2, 43
Let s = -851 - -884. Suppose 4*g = 2*o + 3274, g + s - 853 = -o. List the prime factors of g.
3, 7, 13
Let n(x) = -108*x + 161. What are the prime factors of n(-8)?
5, 41
Let r = -96 + 106. Suppose 18*t - r*t - 632 = 0. What are the prime factors of t?
79
Let b = 43652 + -14688. List the prime factors of b.
2, 13, 557
Let c = -19280 - -36097. What are the prime factors of c?
67, 251
List the prime factors of 114/152 - (-2 - 2295/12 - 4).
2, 3, 11
Let u = -109 + 234. Let o = u - -429. List the prime factors of o.
2, 277
Suppose -332 = 3*u - 326. List the prime factors of u + (-131195)/(-76) + 1/(-4).
2, 431
Suppose -10*t + 7180 + 2992 = -6038. List the prime factors of t.
1621
What are the prime factors of -5 + (-9 - -9) + 12637?
2, 1579
Let q(j) = 3 - 36 + 13 - 7*j. Let r be q(-18). Suppose -t = -b - 89, -b - 75 = -2*t + r. List the prime factors of t.
2, 23
Suppose 0*v + 57 = x + v, -4*x - 2*v + 218 = 0. Suppose y = 5*y - x. What are the prime factors of (y - -15)*1/(3/6)?
2, 7
Suppose u + k = -211, -2*u + 6*k - 415 = k. Let v = -7 - u. List the prime factors of v.
7, 29
Let q = 3026 + -1809. Let u = -715 + q. List the prime factors of u.
2, 251
Let r = -1521 - -2134. Suppose r = -7*t + 1747. What are the prime factors of t?
2, 3
Let r(x) = -11*x**3 - 5*x**2 + 52*x - 42. List the prime factors of r(-11).
2, 3, 2237
Suppose 579588 = 194*f - 66044. What are the prime factors of f?
2, 13
Let k be -5 - 149/(-7) - 4/14. Suppose -10*v + k = -54. Suppose -84 = -v*q + 49. What are the prime factors of q?
19
Suppose -15*f - 3*p - 3414 = -16*f, 0 = 4*f + 8*p - 13596. What are the prime factors of f?
3, 5, 227
Let s(g) be the second derivative of -g**4/12 + 2*g**3 + 1499*g**2/2 + 202*g. What are the prime factors of s(0)?
1499
What are the prime factors of (-24658461)/(-759) + (-5)/55?
2, 31, 131
Let a(k) be the third derivative of k**6/40 - k**5/12 - k**4/4 - 13*k**3/6 + 50*k**2. List the prime factors of a(6).
419
Let j be (-20)/(-45)*(-6)/(-8)*14883. Suppose -5*k - 701 = -j. What are the prime factors of k?
2, 3, 71
Let v(p) = -21*p**3 + 3*p**2 - 3*p - 5. Let m be v(-2). Let o = m + 697. List the prime factors of o.
2, 439
Let m(b) = b**2 + 2*b - 17. Let y(a) = 3*a**2 + 5*a - 51. Let o(s) = -11*m(s) + 4*y(s). Let p be o(5). What are the prime factors of ((-122)/(-3))/(p/(-3))?
61
Let n(j) = -j**3 + 12*j**2 + j - 7. Let v be n(12). Suppose v*h - 3 = 4*m, -5*m - h - 3 = -21. Suppose -m*y + 151 + 95 = 0. What are the prime factors of y?
2, 41
Let k(j) = -85*j + 2353. What are the prime factors of k(-59)?
2, 3, 307
Let x = 3668 - -664. List the prime factors of x.
2, 3, 19
Let a = -56 + 55. Let r be (-10)/(-2) + (-2 + -2 - a). List the prime factors of (r + -8)/2 - 345/(-3).
2, 7
Let z = -42 + 88. List the prime factors of z*((-100)/8)/(-5).
5, 23
Let u = -7578 - -11262. What are the prime factors of u?
2, 3, 307
Suppose 0 = 3*i + 4*u, 4*i - 5*u = -2*u + 25. Suppose -2*f - 3*k = -39 - 376, 2*f - i*k = 422. List the prime factors of f.
11, 19
Let a be (-1268)/10 + 2 - (-17)/(-85). Let t = a + 366. List the prime factors of t.
241
Suppose -861706 = -41*v - 17*v. What are the prime factors of v?
83, 179
Suppose -3*h + 4218 = -13*n + 15*n, -4*n + 4*h = -8476. Suppose 0 = 4*b - 4*m - 1680, 2*b - 2*m - n = -3*b. List the prime factors of b.
5, 17
Suppose -n = -2*h + 1705, 0 = 4*h + 46*n - 45*n - 3425. List the prime factors of h.
3, 5, 19
Let s(v) = -3*v**2 - 19*v + 14. Let d be s(-7). Suppose d = i - 0 + 243. Let j = 350 + i. List the prime factors of j.
107
Let r(k) be the second derivative of k**5/20 - 5*k**4/12 + k**3/3 + 3*k**2 - 20*k. Let g be r(4). List the prime factors of 49 + -20 + 2*(1 + g).
3
Suppose -4*a + 7*a = 6. Suppose 0 = y - 4*d - 309, 1238 = 5*y + a*d - 197. List the prime factors of y.
17
What are the prime factors of (-540)/(((-6)/20*1)/((-828)/(-90)))?
2, 3, 5, 23
Let s = -182 + 186. Suppose 316 = 4*x - 0*x + 2*j, 4*x = s*j + 340. List the prime factors of x.
3
Suppose 2696 = -4*v + 15064. Suppose 7*i - 2557 = v. List the prime factors of i.
3, 269
Suppose 5 = 4*s - 3*z, -z - 30 = -s - 6*z. Suppose -s*v + 0 = -25, -4*v = -2*m + 788. What are the prime factors of m?
2, 101
What are the prime factors of (-74898)/(-20) - (-10)/(900/9)?
5, 7, 107
Suppose -4*v + 15279 = d + v, -d + 5*v + 15249 = 0. What are the prime factors of 2/(-5) - d/(-60)?
2, 127
Suppose f = 3*f. Let y = -284 - -619. Suppose -5*m + 3*u + y = f, -3*m - u = -126 - 75. List the prime factors of m.
67
Let l(v) = v**2 - 15*v + 54. Let k(g) = 5*g**2 + 8*g + 11. Let q be k(-3). List the prime factors of l(q).
2, 13, 23
Let b be 0 + (-1 - 0)*-1*32. Suppose b*q = 30*q + 138. Let j = q + -33. List the prime factors of j.
2, 3
Let q(a) = 37*a**3 - 2*a**2 - 4*a + 26. Let c(y) = 15*y + 93. Let x be c(-6). List the prime factors of q(x).
5, 199
Suppose -4*u + 5*h = -17, 0 = 3*u - 4*h + 2*h - 11. Let p = 8 - 5. Suppose z + 104 + 140 = p*a, -z = u*a - 242. What are the prime factors of a?
3
Let h(b) = -b**3 + 144*b**2 - 1872*b + 82. List the prime factors of h(127).
3, 11, 41
Let h(u) be the third derivative of u**6/120 + 9*u**5/20 + 37*u**4/24 + 17*u**3/6 - 107*u**2. What are the prime factors of h(-25)?
2, 3, 19
Let j(p) = 75*p**3 - 2*p**2 - 5*p + 9. Let d(n) = 2*n**2 - 39*n + 137. Let i be d(15). List the prime factors of j(i).
3, 197
Let d(w) = -w**3 + 97*w**2 - 175*w + 84. What are the prime factors of d(92)?
2, 3, 137
Let z(b) = 54*b**2 - 5*b + 11. Let q be z(3). Suppose -q*w + 489*w = 7007. What are the prime factors of w?
7, 11, 13
Let f(c) = 2*c**2 + 18*c + 31. Let y be f(-12). Suppose x - 7*v = -5*v + y, -3*v - 15 = 0. What are the prime factors of x?
3, 31
Let h = -101 + 105. Suppose h*g + 3*g = 3*g. Suppose g = -12*t + 13*t - 218. List the prime factors of t.
2, 109
Suppose 4*g + 33 = -5*t + 9, -2*t = 4*g + 12. Let x be 3 - ((-1)/t - 45/20). Suppose 0 = -x*c + 82 + 253. What are the prime factors of c?
67
Let u be ((-4)/(-6))/(14/63). Suppose -28 = -u*g - 13. Suppose -a = -2*m + 53, g*m - 3*a = 171 - 37. What are the prime factors of m?
5
Let j = 3 + -1. Suppose 0 = j*x - w - 110, 2*x = x + 2*w + 49. Let c = 101 - x. List the prime factors of c.
2, 11
Let q = -19 + 24. Suppose -1714 = -q*c - 94. List the prime factors of (c/(-8))/((-2)/4).
3
Let c = -10 + 6. Let v(t) = -125*t + 1232. Let n be v(10). What are the prime factors of c/n + (-1148)/(-18)?
2
Let v(n) = -n**3 - 91*n**2 - 13*n - 492. List the prime factors of v(-91).
691
Suppose -1 - 1 = 5*n + 4*v, 0 = n - 5*v + 12. Let z(r) = -68*r**3 + 4*r**2 + 2*r - 3. List the prime factors of z(n).
7, 79
List the prime factors of ((-2)/(-6) + 8/(48/28170))*3.
2, 7043
Suppose 1150432 = 168*h - 842888. What are the prime factors of h?
3, 5, 7, 113
Let a(p) = -315*p + 144. Let l(w) = -63*w + 29. Let y(z) = -2*a(z) + 11*l(z). What are the prime factors of y(-2)?
157
Let o be (-42)/(28/(-4)) + -896. Let k = -551 - o. List the prime factors of k.
3, 113
Let w be -5*4/(-5 - -1). Suppose -3*m - 5*r + 336 = 0, w*m - 4*r = -3*r + 560. What are the prime factors of m?
2, 7
Suppose -15*g - 4662 + 3837 =